= -8 - k. Let j(n) = -6*n**c - 3*n**3 + 7 - n**3 - 4*n + 3*n**3. What is j(-5)?
2
Let d = -134 + 159. Suppose -2*x = -4*f - 3*x + 33, -x = 3*f - d. Let i(s) = -s + 3. Calculate i(f).
-5
Let n = 22 - 21. Suppose -k + 3*c = -13, -4*k - 5*c + n = -0*k. Let i(f) = f - 3. Determine i(k).
1
Let k(j) = -50*j - 35. Let y(m) = -17*m - 13. Let t(a) = -3*k(a) + 8*y(a). What is t(-2)?
-27
Suppose -k = -13*k + 36. Let x(h) = -4 + 7 - h**k - 3*h**2 - 301*h + 303*h. What is x(-2)?
-5
Let c(l) = -10153 - 13*l + 10153 - 2*l**2. Determine c(-6).
6
Let y(z) be the second derivative of z**5/20 + z**4/2 - 5*z**3/6 - 3*z**2/2 - 95*z - 2. Let t be (-3 - 2/(-3))*3. Calculate y(t).
-17
Let q(r) = r**2 + 5*r + 2. Suppose -12 = -9*o + 12*o. Calculate q(o).
-2
Let f(b) be the second derivative of b**3/6 - 9*b**2/2 - 11*b - 4. Calculate f(6).
-3
Let m(l) = -l**3 + 2*l - 1. Let h(q) = 8*q - 3. Let r be h(3). Suppose r = a - 0*a. Let w be a/12 - 6/8. Determine m(w).
0
Suppose 23 = 2*m - 5. Suppose 2*p + 0*p + 12 = 3*t, -t - 1 = p. Let c(u) = m*u - u**3 + 5*u**2 + 11*u - t - 24*u. Determine c(5).
3
Let r be 1/(-3) + 176/33. Let t(y) be the third derivative of 5/24*y**4 + 0 + 1/15*y**5 - 1/120*y**6 - 4*y**2 + y**3 + 0*y. Determine t(r).
6
Suppose 12 = -8*x + 4*x. Let u(s) be the first derivative of -1/2*s**2 - 4/3*s**3 + 4*s - 5 - 1/4*s**4. What is u(x)?
-2
Let n(r) = -1. Let p(q) = -4. Let d(o) = 5*n(o) - p(o). Let t(z) = -z - 10. Let h(l) = 4*d(l) - t(l). What is h(6)?
12
Suppose -7*o = -2*o + 45. Let b(k) be the first derivative of -k**3/3 - 5*k**2 - 13*k + 7. Calculate b(o).
-4
Let u = -6 + 8. Let f(i) = 2*i**2 + 4*i**3 + u*i + 4*i**2 - 7 - i**3 - 2*i**3. Let h(q) = -4*q + 11. Let t be h(4). Determine f(t).
8
Let y(d) be the first derivative of 9*d**3 + 592. Give y(1).
27
Let v(k) = k**3 + 5*k**2 + 4*k - 3. Let g be 3/((-9)/11) - 1/3. Calculate v(g).
-3
Let z = 476 - 489. Let j(a) = a**2 + 11*a - 15. Determine j(z).
11
Let i(l) = -12*l + 11. Let u(m) be the first derivative of 13*m**2/2 - 13*m + 22. Let b(n) = 6*i(n) + 5*u(n). What is b(-2)?
15
Let n be (-4 - -5)/(-2 + (-15)/(-6)). Suppose -n*k + 13 = -f, k = -0*k + f + 7. Let q(b) = b**3 - 5*b**2 - 4*b - 7. Calculate q(k).
5
Let x(a) = 2*a + 6. Let m be x(-2). Suppose -2*h = -z + 8, -5*h - m*z - 46 = 2*z. Let d(g) = g**3 + 7*g**2 + 6*g + 6. Calculate d(h).
6
Suppose 0 = -3*x - 2*x - 20, 2*o + 2 = 3*x. Let c(r) = r + 1. Determine c(o).
-6
Suppose s = -8*c + 11*c - 27, 45 = 5*c + 2*s. Let a(u) = -u + 16. Calculate a(c).
7
Let h = 148 - 124. Suppose h = 68*n - 71*n. Let l(b) = -2*b. Determine l(n).
16
Let w(z) be the second derivative of -z**5/20 - 3*z**4/2 - 3*z**3 - 12*z**2 - 444*z. Determine w(-17).
-7
Let b(s) be the first derivative of -s**3/6 - 7*s**2/2 + 7*s - 1. Let p(q) be the first derivative of b(q). Let d(z) = 2*z + 12. Let t be d(-9). What is p(t)?
-1
Let q(z) be the first derivative of z**4/24 + z**3/2 - 3*z**2 + 21. Let a(d) be the second derivative of q(d). Determine a(5).
8
Let a(n) = 4*n - 3. Let z(r) = -r. Let p(x) = a(x) + 3*z(x). Let o(q) = 1. Let i(m) = -7*o(m) - 2*p(m). Calculate i(-4).
7
Let l(m) = 7*m + 4. Let f be l(7). Suppose 5*w - 4*c - f = 0, 0*w + 10 = w - c. Let v(a) = w*a**2 + 6*a - 6*a**2 - 8*a**2. Give v(5).
5
Let p(v) = -v**3 + 5*v**2 + 9*v + 2. Let r(d) = 60*d + 127. Let f be r(-2). Give p(f).
-33
Let a(u) = u**2 + 6*u + 6. Let c(z) be the third derivative of -3*z**4/8 - 2*z**3/3 - 6*z**2. Let m be c(-2). Let f = 8 - m. Determine a(f).
6
Let w(k) = 8*k + 1. Suppose 61*y = 54*y + 7. Give w(y).
9
Let s(a) = -4*a - 2*a - 17070 + 17076. Give s(6).
-30
Let i(d) = 2*d**3 - 35 - d**3 + 0 + 31 - 5*d**2. Give i(6).
32
Let x be ((-3)/(-6))/((-2)/(-20)). Suppose -3*s + 14 = -x*s. Let p(z) = -7*z - 7. Let r(v) = -12*v - 14. Let q(l) = -5*p(l) + 3*r(l). Give q(s).
0
Suppose 12 - 12 = -4*n. Let v(q) be the third derivative of q**6/120 + q**5/60 + q**4/24 + 2*q**3/3 - 6*q**2. Give v(n).
4
Let z be 7/(-5 - (-34)/7). Let t = -52 - z. Let v(d) = -2*d**2 - 4*d. Give v(t).
-6
Let q(l) = -23*l - 40 + 75 - 54 + 2*l**2. What is q(12)?
-7
Let f(q) be the first derivative of q**3/3 - 5*q**2 + 11*q + 332. Calculate f(9).
2
Let h(r) be the first derivative of r**5/20 - 5*r**4/12 - 7*r**3/6 + r**2/2 - 32*r - 6. Let y(z) be the first derivative of h(z). Give y(6).
-5
Let r(g) = 2*g + 2. Suppose 9*v - 110 = -2*v. Suppose -10*y + 5*y + v = 0. Calculate r(y).
6
Let d(t) be the first derivative of -t**2 - 46*t + 173. Give d(-21).
-4
Suppose -3*v = -4*t + 1, 3*v + 14*t - 19*t + 2 = 0. Let r(x) = -35*x**2 + x - 1. Determine r(v).
-35
Let u(o) = o**2 - 1. Let c(m) = 6*m**2 + 5*m. Suppose z = 10 - 9. Let j(s) = z*c(s) - 5*u(s). Calculate j(-5).
5
Let h be 1*0/(-6)*(-1 - -2). Let a(z) = 18 - z**3 - 2*z**2 - z + h*z**2 - 2*z**2 + 5*z**2. Calculate a(0).
18
Let v(t) = -t**2 + 4*t + 4. Let d(j) be the second derivative of j**4/6 - 5*j**3/6 + 2*j. Let i be d(3). Determine v(i).
7
Let g(i) = 0*i**3 - 701*i**2 + i**3 + 694*i**2 - 8*i + 2. Give g(8).
2
Let v = 608 + -606. Let b(z) = z**2 - 3*z + 3. Determine b(v).
1
Suppose 0 = 3*r + 4 - 1. Let c = r + 3. Let w(u) = 4*u**2 + 6*u - c*u + u**2 - 4*u**2 - 2. What is w(-5)?
3
Let h(t) = 2*t + 2. Let j be h(4). Let q be 14/j + 10/(-25). Let y(c) = -2*c**2 + 5*c**2 - 4*c**2 + q - 2*c. Determine y(1).
-2
Let i(f) = -5*f - 41. Let y(r) = 3*r + 23. Let z(o) = 4*i(o) + 7*y(o). Calculate z(-4).
-7
Let c = 31 - 31. Suppose -24*m + 22*m + 2 = c. Let t(i) be the second derivative of -7*i**3/6 + i**2/2 + 3*i. What is t(m)?
-6
Let h(f) = -2*f**2 + 12*f + 10. Suppose -136 = -10*u - 66. Calculate h(u).
-4
Suppose -3*o - 2 - 10 = 0. Let b be 6/o - (-9)/6. Let m(v) be the second derivative of -v**3/6 + v**2/2 - 2*v. What is m(b)?
1
Let l(a) = -43*a + 2 + 16*a + 13*a + 0 + 17*a. Let i(j) = j**2 - 5*j + 2. Let n be i(4). Determine l(n).
-4
Let y(i) = -i**2 + 2*i. Let x(j) = j**2 - j + 1. Let g(v) = 6*x(v) + 5*y(v). Determine g(-4).
6
Let v(a) = -105*a - 1265. Let b be v(-12). Let p(q) = 1 + q - 3 - 2. Determine p(b).
-9
Let x(l) be the second derivative of l**5/20 + 7*l**4/6 + l**3/6 + 13*l**2/2 - l - 18. Calculate x(-14).
-1
Let f(m) be the first derivative of m**4/4 - 7*m**3/3 + m**2/2 + m + 87. Give f(7).
8
Let c(t) be the second derivative of t**4/6 + t**2 + 75*t. Let o be -2 + (6 + -1 - 0). What is c(o)?
20
Let h = -2 - 21. Let b = h + 23. Let u(d) = -d - 12. Determine u(b).
-12
Let m(l) = -15*l + 3. Let b(u) = 5*u - 1. Let f(h) = -11*b(h) - 4*m(h). Let t = -89 - -95. Calculate f(t).
29
Let a(m) = 6*m**2 - 128*m + 42. Let v be a(21). Let x(z) = -z**3 - z**2 - z + 4. What is x(v)?
4
Let g(y) = -y**2 + 3*y + 2. Let s(v) = v + 3. Let r = 7 - 7. Let a be s(r). Let z(m) = 2*m**2 - 5*m + 2. Let j be z(a). What is g(j)?
-8
Let w = 37 - 33. Suppose 4*m + w = 5*m. Let q(c) = c**2 - 3*c + 4. Give q(m).
8
Let b(l) = -2*l + 4 - 428*l**2 + 429*l**2 + 1. Calculate b(-4).
29
Let r(q) be the first derivative of q**3/6 - 4*q**2 + q - 3. Let j(w) be the first derivative of r(w). Let u be (-1)/(-2)*8 - -2. What is j(u)?
-2
Let a(h) = -h**3 + 6*h**2 + 10*h - 10. Suppose -15 = -4*x + 13. Give a(x).
11
Let y be 30/1*(-6)/15. Let r(v) = v - 3. Give r(y).
-15
Let s(x) = x**3 + 14*x**2 - 14*x + 12. Let l be 2/29 + 874/(-58). Give s(l).
-3
Suppose 9 = 3*v - 0. Suppose -11*k - 8 = -15*k. Let d(u) = 10 + 2*u**k - 23 + 9. What is d(v)?
14
Let d(i) = -i**3 - 61*i**2 - 5*i**2 - i - 7 + 72*i**2. Give d(6).
-13
Let h be (8/5 - (10 - 8))*-5. Suppose -5*y = 25, -3*y - 1 = -h*q + 28. Let d(x) = -x**2 + 6*x - 3. Determine d(q).
-10
Suppose -2*p = -12 + 8. Let x(d) = 4*d**2 - 3 + 3*d**2 - 8*d**p - 5*d. What is x(-6)?
-9
Let i(w) = -5*w**2 - 1. Let l = 118 + -138. Suppose -2*c = -5*c + 9. Let h be 24/l + c/15. Give i(h).
-6
Let q(c) be the third derivative of 5*c**4/24 + 7*c**3 - 17*c**2 - 3*c. Calculate q(-7).
7
Suppose 2*l + 90 = 3*d - 0*l, 4*d + 2*l - 134 = 0. Let v = 38 - d. Let g(o) = o**3 - 7*o**2 + 7*o. Determine g(v).
6
Let l(f) = f - 11*f + 7*f - 6 + 5*f. Let q(u) = u + 1. Let a(m) = -l(m) + q(m). Suppose 0 = 4*w + d - 3*d - 14, -2*w + 3*d = -5. Determine a(w).
3
Let g(x) = x**3 + x**2 - 2*x - 3. Suppose i + 30 = 6*i. Let t be 16/6 + (-4)/i. Let c be t + (-6 - -2)/1. Determine g(c).
-3
Let n be ((-2)/6)/(20/(-300)). Let m 